s the highest common factor of 38 and x?
38
Let i = -131 + 175. What is the highest common divisor of 8 and i?
4
Let s = -7 + 9. Let p be s/7 + (-515)/(-35). Suppose -j - p = -u + 3*j, 0 = 5*j + 15. What is the highest common factor of 3 and u?
3
Suppose -3*r = -2*m - 47 + 9, -m + 6 = r. Let f(o) = 70*o**3 - 11*o**2 + 10*o + 1. Let b be f(1). What is the highest common divisor of b and r?
10
Let a(d) = -6*d + 8. Let p be a(-1). Suppose -1312 = -p*w + 1824. Calculate the greatest common factor of w and 28.
28
Let v = -13 - -73. Let t be (13/(-4))/(2/(-32)). Suppose 0*l + 4*l - t = -j, 5*l - 55 = -j. What is the highest common factor of v and j?
20
Let y be 60/(-110) - 53132/(-44). Calculate the highest common divisor of y and 17.
17
Let s be 5*(0 + -3 - -4). Let b(d) = 15*d - 43. Let o be b(3). What is the highest common factor of o and s?
1
Let r(s) = 2*s**2 + 11*s - 7. Let i(k) = k**2 + 3*k + 8. Let z be i(-3). Let b be r(z). What is the greatest common divisor of 19 and b?
19
Let h(x) = 5*x**2 + 5*x. Let r be h(5). Suppose z = -z + r. Let o(y) = 4*y - 9. Let b be o(6). What is the highest common factor of z and b?
15
Suppose 18*a - 51 = 15*a. Calculate the highest common factor of 204 and a.
17
Let f = -23 + 28. Suppose -4*t = -z + f*z + 4, 3*z = -5*t + 5. Let u be (-6)/t - 33/(-6). What is the greatest common factor of 1 and u?
1
Let l(j) = -j**2 + 41*j - 174. Let c be l(30). Calculate the highest common factor of c and 728.
52
Let a(v) = 190*v**2 + 26*v + 25. Let l be a(-1). Calculate the greatest common divisor of 54 and l.
27
Let m be (135/(-6))/((-6)/16). Suppose 3*r = -4*f + m + 4, 0 = 2*r - 8. What is the greatest common divisor of 65 and f?
13
Suppose 175 = 2*c - c. Let l be (-64)/(-10) + 30/50. Let x be (l*-1)/((-5)/25). Calculate the highest common divisor of c and x.
35
Suppose -s - 5*g = 2 - 24, -5*s + 58 = -g. What is the greatest common divisor of s and 8?
4
Let z(m) = -18*m - 11. Let p(f) = -f + 1. Let q(h) = -p(h) - z(h). Let o be q(5). Calculate the highest common factor of 35 and o.
35
Let k(n) = -n**3 + 6*n**2 - 9*n. Let q be k(5). Let r = 109 + q. Suppose 3*x + 2*s = -22 + r, -4*s = 5*x - 113. What is the greatest common factor of x and 7?
7
Let r(s) = s**2 + 16*s - 44. Let k be r(16). What is the highest common divisor of 9 and k?
9
Let n be 58/4 - 1/2. Suppose 2*x + 6 = 0, -6*x + 3*x + 43 = 4*p. Let i = n + p. What is the greatest common divisor of i and 9?
9
Let r = -892 + 976. What is the greatest common factor of r and 217?
7
Suppose 3*t + 9 = 0, -5*i = -9*i + 8*t + 64. Calculate the highest common factor of 18 and i.
2
Let t(c) = c + 21. Let v(m) = -m**2 + 8*m - 13. Let q be v(7). Let b be t(q). Calculate the greatest common factor of b and 30.
15
Suppose -3*p + 20 = p. Suppose 0 = p*b - 4 - 1, -i = -2*b - 97. What is the greatest common factor of 9 and i?
9
Let j be (-1)/(2*(52/(-24) - -2)). Suppose -4*a + 440 = -j*b - b, 0 = -5*a + 3*b + 540. Calculate the greatest common divisor of a and 42.
21
Let g(n) = -56*n + 18. Let f be g(-5). Suppose 4*i - f = 10. What is the greatest common factor of i and 11?
11
Let a be ((-2)/(-2 + 3))/(-6)*6. Let n = -7 + 11. What is the greatest common divisor of a and n?
2
Let s(j) = j**3 - 6*j**2 + 4*j + 5. Let l be s(5). Suppose 2*o + 5*o - 378 = l. What is the highest common divisor of o and 36?
18
Let z(m) = m**2 - 13*m + 49. Let r be z(9). Calculate the highest common factor of 169 and r.
13
Let a(l) = -82*l - 64. Let j be a(-3). Calculate the highest common divisor of j and 13.
13
Suppose z = -5*d + 306, 3*d + 2*d + 3*z - 298 = 0. Suppose -6*l = -4*l - 310. Calculate the highest common divisor of d and l.
31
Suppose 151 + 11 = 18*i. What is the highest common factor of 45 and i?
9
Let z = 28 + -12. Suppose 7*g - 4*g + 639 = 0. Let t = g - -341. What is the greatest common factor of t and z?
16
Suppose -3*h - 27*u + 29*u + 116 = 0, 3*u + 194 = 5*h. What is the greatest common divisor of 140 and h?
20
Let x be -9 - 200/(-24) - (-40)/6. Calculate the highest common factor of 6 and x.
6
Let f be ((-4)/6)/((-2)/9). Let o be (-2)/f*261/(-6). Let i be -3 + (-3)/((-3)/o). What is the highest common factor of 39 and i?
13
Let z be 3/5 + -1 + 1316/140. What is the greatest common factor of z and 162?
9
Suppose -7*a + 23 = 2. Let k be a*(35/(-2))/(-7)*2. What is the highest common divisor of k and 25?
5
Suppose 3*l + y = 4, -4*y + 7*y = -5*l. Let f be (l/(-5))/((-4)/380). Calculate the highest common divisor of f and 19.
19
Let s(j) = j**3 + 5*j**2 - 10*j + 3. Let b be s(-6). Suppose -2*g - 5 = -b. Calculate the greatest common divisor of 121 and g.
11
Suppose 0 = -0*y - 2*y - 3*h + 82, -5*y - 4*h = -191. Let c be (4/10)/(((-21)/(-245))/3). What is the highest common divisor of c and y?
7
Suppose 0 = -2*m - 5*k + 9, -3*m - 9*k + 31 = -5*k. Let p = -31 - -150. What is the highest common factor of m and p?
17
Suppose v - 37 = -2*n, 0 = -5*n - 2*v + 67 + 23. Let z(u) = 3*u + 1. Let o be z(1). Suppose -o*c + 10 = c. Calculate the highest common divisor of n and c.
2
Suppose 46*c - 1506 = 426. Let b be 1/5 - (-145)/25. What is the highest common factor of b and c?
6
Let t = 457 - 247. Calculate the greatest common factor of 14 and t.
14
Let i be ((-24)/10)/((-2)/15). Let c(q) = q**3 - q**2 - 61*q + 2. Let o be c(0). Calculate the highest common factor of o and i.
2
Let t = 82 - -177. What is the highest common factor of 7 and t?
7
Let q(h) be the first derivative of -h**3/3 + h**2/2 + 104*h - 1. Suppose 0 = -2*u + 3*u - 7*u. Let z be q(u). Calculate the highest common divisor of 13 and z.
13
Let u(y) = y**3 + 9*y**2 + y - 45. Let c be u(-5). Calculate the highest common divisor of c and 25.
25
Let p = -193 + 214. Calculate the highest common factor of p and 175.
7
Let p = 35 + 108. What is the greatest common divisor of p and 39?
13
Suppose 81 - 6 = 3*x. Let v be -3*(-3)/9 - (-6 + -43). Calculate the highest common factor of v and x.
25
Let g be 1/(-4) + 1/4. Let p be (g + 1)/((-8)/(-24)). Suppose -u = -3*i - 24, -2*i - 26 = -u + 3*i. Calculate the highest common divisor of p and u.
3
Suppose 47*i = 54*i - 84. What is the greatest common divisor of 264 and i?
12
Let q = 605 + -601. What is the greatest common factor of 38 and q?
2
Let v = -182 + 197. Suppose 2*n + 144 = 5*c, -6*n + 132 = 4*c - 2*n. What is the greatest common divisor of c and v?
15
Let t(d) = -7*d + 5. Let j be t(7). Let n = j - -62. Calculate the highest common divisor of 24 and n.
6
Let f(r) = -4*r + 11. Let m be f(-4). Suppose 0 = 2*i - 55 + 1. What is the greatest common divisor of m and i?
27
Suppose -2*r + 286 = 4*n, -5*r - 77 = -n - 0*n. Let x = n - 40. What is the greatest common divisor of x and 16?
16
Suppose 5*c + 123 = -z, -108 = 2*c + 2*c - 4*z. Let k be (-386)/(-10) - 10/c. What is the highest common divisor of 13 and k?
13
Suppose 5*d - 630 = -4*c, 5*c = -4*d + 235 + 548. What is the greatest common factor of 4185 and c?
155
Suppose -2444 = -21*o + 8*o. Calculate the greatest common divisor of 423 and o.
47
Suppose 5*j - 113 = 4*d - 52, 0 = -5*j + 3*d + 57. What is the greatest common divisor of 243 and j?
9
Suppose -30*x = -2*w - 27*x + 27, 5*x = 5*w - 80. What is the greatest common divisor of 42 and w?
21
Let x be (2/(-4)*-7)/((-2)/(-4)). Suppose 34 = x*p + 13. Calculate the highest common factor of p and 1.
1
Let j(g) = g**2 - 5*g - 33. Let f be j(-7). Calculate the highest common factor of 357 and f.
51
Let n = 62 + 576. Suppose -4*k + 2*w + 515 = 5*w, -2*w - n = -5*k. Calculate the greatest common divisor of k and 16.
16
Suppose -4*h + 0*v + 68 = 3*v, 0 = -4*v + 16. What is the greatest common factor of h and 35?
7
Let a(k) be the third derivative of k**5/60 - 7*k**4/24 - 2*k**3 + 15*k**2. Let i be a(-3). Calculate the greatest common divisor of i and 90.
18
Suppose 3*p = -16 - 29. Let u be (-2)/(-3) - 35/p. Let d be 490/21*(u + 0). What is the greatest common factor of d and 28?
14
Let a be (-48)/(-22) - 2/11. Let h be (a/(-5))/(2/(-120)). Let k(r) = 2*r**2 - 2*r. Let b be k(-5). What is the highest common factor of b and h?
12
Let j(v) = 2*v**3 + 33*v**2 + 31*v + 60. Let x be j(-15). What is the greatest common divisor of x and 450?
90
Let j(w) = 10*w**2 - 51*w + 18. Let h be j(12). Calculate the hi